{"id":202,"date":"2017-08-01T09:02:51","date_gmt":"2017-08-01T09:02:51","guid":{"rendered":"http:\/\/rushmore.wpcolorlab.com\/?page_id=202"},"modified":"2024-11-04T13:44:08","modified_gmt":"2024-11-04T12:44:08","slug":"blog","status":"publish","type":"page","link":"http:\/\/bech.truni.sk\/index.php\/blog\/","title":{"rendered":"Redak\u010dn\u00fd proces"},"content":{"rendered":"<p><section class=\"kc-elm kc-css-555026 kc_row\"><div class=\"kc-row-container  kc-container\"><div class=\"kc-wrap-columns\"><div class=\"kc-elm kc-css-279212 kc_col-sm-12 kc_column kc_col-sm-12\"><div class=\"kc-col-container\"><div class=\"kc-elm kc-css-186018\" style=\"height: 40px; clear: both; width:100%;\"><\/div><div class=\"kc-elm kc-css-116165 kc_row kc_row_inner\"><div class=\"kc-elm kc-css-842677 kc_col-sm-12 kc_column_inner kc_col-sm-12\"><div class=\"kc_wrapper kc-col-inner-container\">\n<div class=\"kc-elm kc-css-516943 kc-title-wrap \">\n\n\t<h1 class=\"kc_title\">Redak\u010dn\u00fd proces<\/h1>\n<\/div>\n<\/div><\/div><\/div><\/div><\/div><\/div><\/div><\/section><section class=\"kc-elm kc-css-222363 kc_row\"><div class=\"kc-row-container  kc-container\"><div class=\"kc-wrap-columns\"><div class=\"kc-elm kc-css-107600 kc_col-sm-12 kc_column kc_col-sm-12\"><div class=\"kc-col-container\"><div class=\"kc-elm kc-css-513400\" style=\"height: 30px; clear: both; width:100%;\"><\/div><\/div><\/div><\/div><\/div><\/section><section class=\"kc-elm kc-css-880026 kc_row\"><div class=\"kc-row-container  kc-container\"><div class=\"kc-wrap-columns\"><div class=\"kc-elm kc-css-419734 kc_col-sm-12 kc_column kc_col-sm-12\"><div class=\"kc-col-container\"><div class=\"kc-elm kc-css-558711 kc_shortcode kc_single_image\">\n\n        <img decoding=\"async\" src=\"http:\/\/bech.truni.sk\/wp-content\/uploads\/2022\/11\/Screenshot-2022-11-06-at-20.48.04.png\" class=\"\" alt=\"\" \/>    <\/div>\n<div class=\"kc-elm kc-css-14223\" style=\"height: 30px; clear: both; width:100%;\"><\/div><\/div><\/div><\/div><\/div><\/section><section class=\"kc-elm kc-css-470308 kc_row\"><div class=\"kc-row-container  kc-container\"><div class=\"kc-wrap-columns\"><div class=\"kc-elm kc-css-691524 kc_col-sm-6 kc_column kc_col-sm-6\"><div class=\"kc-col-container\"><div class=\"kc-elm kc-css-437090 kc_text_block\"><\/p>\n<h3>Redak\u010dn\u00fd proces<\/h3>\n<h5><strong>1. Doru\u010denie \u010dl\u00e1nku do redakcie<\/strong><\/h5>\n<p>Redak\u010dn\u00fd proces za\u010d\u00edna v momente doru\u010denia &#8220;rukopisu\" do redakcie. Autori by sa mali riadi\u0165 <a href=\"http:\/\/testv4.truni.sk\/index.php\/pre-autorov\/\">pod\u013ea pokynov redakcie<\/a>. Redakcia najnesk\u00f4r do dvoch t\u00fd\u017ed\u0148ov potvrd\u00ed pr\u00edjem \u010dl\u00e1nku.\u00a0<\/p>\n<h5><strong>2. Prvotn\u00e1 rev\u00edzia \u010dl\u00e1nku<\/strong><\/h5>\n<p>Pri prvotnej rev\u00edzii \u010dl\u00e1nku sa sa posudzuje, \u010di boli dodr\u017ean\u00e9 <a href=\"http:\/\/testv4.truni.sk\/index.php\/pre-autorov\/\">form\u00e1lne po\u017eiadavky na \u010dl\u00e1nok<\/a>. Z\u00e1rove\u0148 sa v tejto f\u00e1ze v hrub\u0161\u00edch kont\u00farach hodnot\u00ed, \u010di \u010dl\u00e1nok zodpoved\u00e1 <a href=\"http:\/\/testv4.truni.sk\/index.php\/scope\/\">obsahov\u00fdm a kvalitat\u00edvnym krit\u00e9ri\u00e1m<\/a> \u010dasopisu Biol\u00f3gia ekol\u00f3gia, ch\u00e9mia.\u00a0<\/p>\n<h5><strong>3. Anonymn\u00e9 recenzn\u00e9 konanie<\/strong><\/h5>\n<p>Ak je v\u00fdsledkom predbe\u017en\u00e9ho hodnotenia pozit\u00edvne stanovisko, tak sa prech\u00e1dza do \u010fal\u0161ej f\u00e1zy, v ktorej \u010dl\u00e1nok posudzuj\u00fa dvaja anonymn\u00ed recenzenti. \u0160tandardn\u00e1 d\u013a\u017eka vymedzen\u00e1 na vypracovanie posudku je 30 dn\u00ed, ale recenzn\u00fd proces sa m\u00f4\u017ee pred\u013a\u017ei\u0165 vzh\u013eadom na riziko, \u017ee by neboli dostupn\u00e9 person\u00e1lne kapacity medzi recenzentmi. Recenzenti postupuj\u00fa pri hodnoten\u00ed pod\u013ea \u0161trukturovan\u00e9ho n\u00e1stroja schv\u00e1len\u00e9ho redak\u010dnou radou.\u00a0<\/p>\n<p>V pr\u00edpade, \u017ee medzi recenzentmi nenastane zhoda v z\u00e1vere\u010dnom stanovisku a aspo\u0148 jeden z recenzentov neodporu\u010d\u00ed \u010dl\u00e1nok na publikovanie, redakcia m\u00f4\u017ee po\u017eiada\u0165 o vypracovanie posudku e\u0161te \u010fal\u0161ieho, tretieho recenzenta.<\/p>\n<p>Ak obaja recenzenti poskytn\u00fa zamietav\u00e9 stanovisko, \u010dl\u00e1nok nepost\u00fapi do \u010fal\u0161ej f\u00e1zy recenzn\u00e9ho konania a nebude publikovan\u00fd.\u00a0\u00a0<\/p>\n<h5><strong>4. Zapracovanie pripomienok recenzentov<\/strong><\/h5>\n<p>Ak bolo celkov\u00e9 stanovisko recenzentov kladn\u00e9, pr\u00edpadne recenzenti \u017eiadaj\u00fa o nejak\u00e9 \u00fapravy v rukopisu, autor zapracuje pripomienky recenzentov, pr\u00edpadne sa vyjadr\u00ed k ot\u00e1zkam nastolen\u00fdm v posudku.<\/p>\n<h5>5. Prijatie \u010dl\u00e1nku na publikovanie<\/h5>\n<p>Redakcia napokon pos\u00fadi \u010dl\u00e1nok v kontexte recenzn\u00fdch posudkov a vyd\u00e1 rozhodnutie o jeho publikovan\u00ed alebo zamietnut\u00ed.\u00a0<\/p>\n<h5>6. Publikovanie na webe \u010dasopisu<\/h5>\n<p>\u010cl\u00e1nok prijat\u00fd na publikovanie sa technicky spracuje a fin\u00e1lnu verziu autorizuje samotn\u00fd autor \u010dl\u00e1nku.\u00a0<\/p>\n<p>\n<\/div><\/div><\/div><div class=\"kc-elm kc-css-800227 kc_col-sm-6 kc_column kc_col-sm-6\"><div class=\"kc-col-container\"><div class=\"kc-elm kc-css-389197 kc_row kc_row_inner\"><div class=\"kc-elm kc-css-678970 kc_col-sm-12 kc_column_inner kc_col-sm-12\"><div class=\"kc_wrapper kc-col-inner-container\"><div class=\"kc-elm kc-css-358159\" style=\"height: 30px; clear: both; width:100%;\"><\/div><div class=\"kc-elm kc-css-654863 kc-animated kc-animate-eff-fadeIn\">\n\n<h3>Najbli\u017e\u0161ia uz\u00e1vierka<\/h3>\n\n\n<div class=\"kc-countdown-timer \" data-countdown='{\"date\":\"2025\\\/02\\\/28\",\"template\":\"<span class=\\\"countdown-style2\\\"> <span class=\\\"group\\\"> <span class=\\\"timer days\\\">%D<\\\/span> <span class=\\\"unit\\\">days<\\\/span> <\\\/span> <span class=\\\"group\\\"> <span class=\\\"timer seconds\\\">%H<\\\/span> <span class=\\\"unit\\\">hours<\\\/span> <\\\/span> <span class=\\\"group\\\"> <span class=\\\"timer seconds\\\">%M<\\\/span> <span class=\\\"unit\\\">minutes<\\\/span> <\\\/span> <span class=\\\"group\\\"> <span class=\\\"timer seconds\\\">%S<\\\/span> <span class=\\\"unit\\\">seconds<\\\/span> <\\\/span> <\\\/span>\"}'><\/div>\n<\/div>\n<\/div><\/div><\/div><div class=\"kc-elm kc-css-493431 kc_text_block\"><\/p>\n<h3>Etick\u00e9 z\u00e1sady publikovania<\/h3>\n<\/p>\n<p>\u010casopis sa hl\u00e1si k etick\u00fdm z\u00e1sad\u00e1m&#8230;.<\/p>\n<p>\n<\/div><\/div><\/div><\/div><\/div><\/section><\/p>\n","protected":false},"excerpt":{"rendered":"","protected":false},"author":1,"featured_media":0,"parent":0,"menu_order":0,"comment_status":"closed","ping_status":"closed","template":"","meta":{"footnotes":""},"class_list":["post-202","page","type-page","status-publish","hentry"],"_links":{"self":[{"href":"http:\/\/bech.truni.sk\/index.php\/wp-json\/wp\/v2\/pages\/202","targetHints":{"allow":["GET"]}}],"collection":[{"href":"http:\/\/bech.truni.sk\/index.php\/wp-json\/wp\/v2\/pages"}],"about":[{"href":"http:\/\/bech.truni.sk\/index.php\/wp-json\/wp\/v2\/types\/page"}],"author":[{"embeddable":true,"href":"http:\/\/bech.truni.sk\/index.php\/wp-json\/wp\/v2\/users\/1"}],"replies":[{"embeddable":true,"href":"http:\/\/bech.truni.sk\/index.php\/wp-json\/wp\/v2\/comments?post=202"}],"version-history":[{"count":67,"href":"http:\/\/bech.truni.sk\/index.php\/wp-json\/wp\/v2\/pages\/202\/revisions"}],"predecessor-version":[{"id":2650,"href":"http:\/\/bech.truni.sk\/index.php\/wp-json\/wp\/v2\/pages\/202\/revisions\/2650"}],"wp:attachment":[{"href":"http:\/\/bech.truni.sk\/index.php\/wp-json\/wp\/v2\/media?parent=202"}],"curies":[{"name":"wp","href":"https:\/\/api.w.org\/{rel}","templated":true}]}}