{"id":257,"date":"2017-08-02T09:22:17","date_gmt":"2017-08-02T09:22:17","guid":{"rendered":"http:\/\/rushmore.wpcolorlab.com\/?page_id=257"},"modified":"2024-11-04T14:08:44","modified_gmt":"2024-11-04T13:08:44","slug":"event","status":"publish","type":"page","link":"http:\/\/bech.truni.sk\/index.php\/event\/","title":{"rendered":"Term\u00edn uz\u00e1vierky"},"content":{"rendered":"\t\t<div data-elementor-type=\"wp-page\" data-elementor-id=\"257\" class=\"elementor elementor-257\">\n\t\t\t\t<div class=\"elementor-element elementor-element-1c37973c e-flex e-con-boxed e-con e-parent\" data-id=\"1c37973c\" data-element_type=\"container\">\n\t\t\t\t\t<div class=\"e-con-inner\">\n\t\t\t\t<div class=\"elementor-element elementor-element-3162e163 elementor-drop-cap-yes elementor-drop-cap-view-default elementor-widget elementor-widget-text-editor\" data-id=\"3162e163\" data-element_type=\"widget\" data-settings=\"{&quot;drop_cap&quot;:&quot;yes&quot;}\" data-widget_type=\"text-editor.default\">\n\t\t\t\t<div class=\"elementor-widget-container\">\n\t\t\t\t\t\t\t<h4><style type=\"text\/css\"><\/style><\/h4><section class=\"kc-elm kc-css-33956 kc_row\"><div class=\"kc-row-container kc-container\"><div class=\"kc-wrap-columns\"><div class=\"container\"><div class=\"events_post-sagment\"><div class=\"row\"><div class=\"col-sm-6\"><article class=\"sabbi-events-item kc-elm kc-css-3265131\"><figure><figcaption><h3 class=\"sabbi-events-title font-md__x\">1. \u010d\u00edslo, ro\u010dn\u00edk 28, 2025<\/h3><\/figcaption><\/figure><div class=\"events-item-meta\"><div class=\"events-loc\"><i class=\"ion-location\"><\/i><span class=\"text\">bech@truni.sk<\/span><\/div><div class=\"events-date\"><i class=\"ion-calendar\"><\/i><span class=\"text\"><br \/>28 Feb 2025<\/span><\/div><\/div><\/article><p><!-- \/.sabbi-events-item --><\/p><\/div><div class=\"col-sm-6\"><article class=\"sabbi-events-item kc-elm kc-css-3265131\"><figure><figcaption><h3 class=\"sabbi-events-title font-md__x\">2. \u010d\u00edslo, ro\u010dn\u00edk 28, 2025<\/h3><\/figcaption><\/figure><div class=\"events-item-meta\"><div class=\"events-loc\"><i class=\"ion-location\"><\/i><span class=\"text\">bech@truni.sk<\/span><\/div><div class=\"events-date\"><i class=\"ion-calendar\"><\/i><span class=\"text\"><br \/>31 May 2025 <\/span><\/div><\/div><\/article><p><!-- \/.sabbi-events-item --><\/p><\/div><div class=\"event-clearfix\">\u00a0<\/div><div class=\"col-sm-6\"><article class=\"sabbi-events-item kc-elm kc-css-3265131\"><figure><img decoding=\"async\" class=\"sabbi-events-img img-responsive\" src=\"http:\/\/rushmore.wpcolorlab.com\/wp-content\/uploads\/2017\/08\/Untitled-3.jpg\" alt=\"\" \/><figcaption><h3 class=\"sabbi-events-title font-md__x\">3. \u010d\u00edslo, ro\u010dn\u00edk 28, 2025<\/h3><\/figcaption><\/figure><div class=\"events-item-meta\"><div class=\"events-loc\"><i class=\"ion-location\"><\/i><span class=\"text\">bech@truni.sk<\/span><\/div><div class=\"events-date\"><i class=\"ion-calendar\"><\/i><span class=\"text\"><br \/>31 Aug 2025 <\/span><\/div><\/div><\/article><p><!-- \/.sabbi-events-item --><\/p><\/div><div class=\"col-sm-6\"><article class=\"sabbi-events-item kc-elm kc-css-3265131\"><h3><img decoding=\"async\" class=\"sabbi-events-img img-responsive\" src=\"http:\/\/rushmore.wpcolorlab.com\/wp-content\/uploads\/2017\/08\/Untitled-2.jpg\" alt=\"\" \/>4. \u010d\u00edslo, ro\u010dn\u00edk 28, 2025<\/h3><div class=\"events-item-meta\"><div class=\"events-loc\"><i class=\"ion-location\"><\/i><span class=\"text\">bech@truni.sk<\/span><\/div><div class=\"events-date\"><i class=\"ion-calendar\"><\/i><span class=\"text\"><br \/>31 Oct 2025 <\/span><\/div><\/div><\/article><p><!-- \/.sabbi-events-item --><\/p><\/div><div class=\"event-clearfix\">\u00a0<\/div><\/div><\/div><p><!-- \/.events_post-sagment --><\/p><nav class=\"pagination_wraper\" aria-label=\"Page navigation\"><\/nav><\/div><h4><!-- #primary --><\/h4><div class=\"kc-elm kc-css-3481392 kc_col-sm-12 kc_column kc_col-sm-12\"><h4 class=\"kc-col-container\">\u00a0<\/h4><\/div><\/div><\/div><\/section>\t\t\t\t\t\t<\/div>\n\t\t\t\t<\/div>\n\t\t\t\t\t<\/div>\n\t\t\t\t<\/div>\n\t\t\t\t<\/div>\n\t\t","protected":false},"excerpt":{"rendered":"","protected":false},"author":1,"featured_media":250,"parent":0,"menu_order":0,"comment_status":"closed","ping_status":"closed","template":"","meta":{"footnotes":""},"class_list":["post-257","page","type-page","status-publish","has-post-thumbnail","hentry"],"_links":{"self":[{"href":"http:\/\/bech.truni.sk\/index.php\/wp-json\/wp\/v2\/pages\/257","targetHints":{"allow":["GET"]}}],"collection":[{"href":"http:\/\/bech.truni.sk\/index.php\/wp-json\/wp\/v2\/pages"}],"about":[{"href":"http:\/\/bech.truni.sk\/index.php\/wp-json\/wp\/v2\/types\/page"}],"author":[{"embeddable":true,"href":"http:\/\/bech.truni.sk\/index.php\/wp-json\/wp\/v2\/users\/1"}],"replies":[{"embeddable":true,"href":"http:\/\/bech.truni.sk\/index.php\/wp-json\/wp\/v2\/comments?post=257"}],"version-history":[{"count":13,"href":"http:\/\/bech.truni.sk\/index.php\/wp-json\/wp\/v2\/pages\/257\/revisions"}],"predecessor-version":[{"id":2661,"href":"http:\/\/bech.truni.sk\/index.php\/wp-json\/wp\/v2\/pages\/257\/revisions\/2661"}],"wp:featuredmedia":[{"embeddable":true,"href":"http:\/\/bech.truni.sk\/index.php\/wp-json\/wp\/v2\/media\/250"}],"wp:attachment":[{"href":"http:\/\/bech.truni.sk\/index.php\/wp-json\/wp\/v2\/media?parent=257"}],"curies":[{"name":"wp","href":"https:\/\/api.w.org\/{rel}","templated":true}]}}